{"id":14,"date":"2020-11-21T09:17:07","date_gmt":"2020-11-21T09:17:07","guid":{"rendered":"https:\/\/willecke-beratung.de\/?page_id=14"},"modified":"2024-11-22T18:59:40","modified_gmt":"2024-11-22T17:59:40","slug":"empowerwp-pro","status":"publish","type":"page","link":"https:\/\/willecke-beratung.de\/","title":{"rendered":"Startseite"},"content":{"rendered":"<div  id=\"overlappable-1\" data-label=\"Overlappable\" data-id=\"overlappable-7-mc\" data-export-id=\"overlappable-7-mc\" data-category=\"overlappable\" class=\"overlappable-7-mc content-section content-section-spacing\" data-overlap=\"true\"><div  class=\"gridContainer\"> <div  data-type=\"row\" class=\"row shadow\"><div  class=\"col-xs-12 col-sm-6 col-md-3 col-padding-small col-padding-small-xs bg-color-white\"> <div  class=\"text-center\"><div  class=\"col-xs-12 col-sm-fit space-bottom-small-xs\"> <i  class=\"fa icon fa-group large color1\"><\/i><\/div> <div  data-type=\"column\" class=\"col-xs-12 col-sm\"><h4  class=\"\">Team- &amp; Einzelcoaching<\/h4> <p  class=\"\">Zielgruppengerechtes Vorgehen auf ihre Bed\u00fcrfnisse abgestimmt<\/p><\/div> <\/div><\/div> <div  class=\"col-xs-12 col-sm-6 col-md-3 col-padding-small col-padding-small-xs bg-color-white\"><div  class=\"text-center\"> <div  class=\"col-xs-12 col-sm-fit space-bottom-small-xs\"><i  class=\"fa icon fa-cogs large color1\"><\/i><\/div> <div  data-type=\"column\" class=\"col-xs-12 col-sm\"><h4  class=\"\">Prozessmanagement<\/h4> <p  class=\"\">Gesch\u00e4ftsprozesse verstehen und gezielt nutzen<\/p><\/div> <\/div><\/div> <div  class=\"col-xs-12 col-sm-6 col-md-3 col-padding-small col-padding-small-xs bg-color-white\"><div  class=\"text-center\"> <div  class=\"col-xs-12 col-sm-fit space-bottom-small-xs\"><i  class=\"fa icon fa-comments-o large color1\"><\/i><\/div> <div  data-type=\"column\" class=\"col-xs-12 col-sm\"><h4  class=\"\">Kommunikation<\/h4> <p  class=\"\">Menschen zusammenbringen und Kommunikation f\u00f6rdern<\/p><\/div> <\/div><\/div> <div  class=\"col-xs-12 col-sm-6 col-md-3 col-padding-small col-padding-small-xs bg-color-white\"><div  class=\"text-center\"> <div  class=\"col-xs-12 col-sm-fit space-bottom-small-xs\"><i  class=\"fa icon fa-sliders large color1\"><\/i><\/div> <div  data-type=\"column\" class=\"col-xs-12 col-sm\"><h4  class=\"\">Projektmanagement<\/h4> <p  class=\"\">Jahrelange Erfahrung kombiniert mit aktuellen Methoden und Tools<\/p><\/div> <\/div><\/div> <\/div><\/div> <\/div><div  data-label=\"About\" data-id=\"about--1\" data-export-id=\"about-10\" data-category=\"about\" class=\"about-10 content-section content-section-spacing\" id=\"about-2\" style=\"background-color: rgb(255, 255, 255); background-size: cover; background-image: url(&quot;https:\/\/willecke-beratung.de\/wp-content\/uploads\/2020\/11\/Bkgrd_Lion.png&quot;); background-position: center top;\"><div  class=\"gridContainer\"> <div  class=\"row middle-sm text-center\"><div  class=\"col-sm-5 space-bottom-xs content-column\" data-type=\"column\"> <h5  class=\"\">MANJA WILLECKE<\/h5> <h2  class=\"\" style=\"border-bottom-color: rgb(75, 75, 75);\">Das Leben ist ein&nbsp;<br > <span  style=\"font-family: &quot;Playfair Display&quot;, arial, helvetica, sans-serif; font-weight: 700; font-style: italic;\" href=\"#\">sowohl<\/span> als <span  style=\"font-weight: 700;\">auch<\/span>.<\/h2> <p  class=\"\">Ich stehe f\u00fcr Wertsch\u00e4tzung auf Augenh\u00f6he und innere Klarheit. Ich begeistere mich f\u00fcr starke Visionen mit einem agilen Mindset. Achtsamkeit und echte Selbstverantwortung bilden die Basis f\u00fcr kollaborative Zusammenarbeit.<\/p> <a  class=\"button color1 round\" href=\"https:\/\/willecke-beratung.de?page_id=85\" target=\"_self\" data-cp-link=\"1\" data-icon=\"\" rel=\"noopener noreferrer\">\u00dcBER MICH<\/a><\/div> <div  class=\"col-sm-7 flexbox middle-xs center-xs space-bottom-xs\"><div  class=\"overlay-box middle-xs center-xs flexbox\"> <div  class=\"overlay-box-offset offset-border shadow-medium border-color1 hide-xs\"><\/div> <img  decoding=\"async\" class=\"shadow-large\" data-size=\"485x705\" src=\"https:\/\/willecke-beratung.de\/wp-content\/uploads\/2020\/11\/cropped-FO7A1245_small.jpg\" alt=\"\" title=\"cropped-FO7A1245_small.jpg\"><\/div> <\/div><\/div> <\/div><\/div><div  data-label=\"About\" data-id=\"about--2\" data-export-id=\"about-text-image\" data-category=\"about\" class=\"about-text-image content-section content-section-spacing content-relative\" id=\"about-3\" style=\"background-color: rgb(255, 255, 255); background-image: none;\"><div  class=\"gridContainer\"> <div  class=\"row\"><div  class=\"col-sm-6 col-padding-small-xs col-sm-padding-large bg-color5 white-text content-col\" data-type=\"column\"> <h5  class=\"\">PRIVATPERSONEN<\/h5> <h2  class=\"\" style=\"border-bottom-color: rgb(75, 75, 75);\"><span  href=\"#\" style=\"font-family: Playfair Display,sans-serif; font-weight: 700; font-style: italic;\">Individualit\u00e4t\n<\/span>Genau hier setze ich an.<\/h2> <p  class=\"\">Coachings zu Pers\u00f6nlichkeitsentwicklung, Achtsamkeit und Stressbew\u00e4ltigung sind ein Teil meines Angebots f\u00fcr Privatpersonen.<\/p><a  class=\"button color-white round outline\" href=\"https:\/\/willecke-beratung.de?page_id=87\" target=\"_self\" data-cp-link=\"1\" data-icon=\"\" rel=\"noopener noreferrer\">MEHR ERFAHREN<\/a><\/div> <div  class=\"col-sm-6 flexbox-strech center-xs middle-xs no-gutter-col\"><div  class=\"shadow-large overlap-left-large flexbox middle-xs center-xs right-img\" data-bg=\"image\" style=\"background-image: url(&quot;https:\/\/willecke-beratung.de\/wp-content\/uploads\/2020\/11\/cropped-AdobeStock_64346479_small.jpg&quot;);\"><\/div><\/div> <\/div><\/div> <\/div><div  data-label=\"Contact\" data-id=\"contact--1\" data-export-id=\"contact-6\" data-category=\"contact\" class=\"contact-5 content-section content-section-spacing dark-text\" id=\"contact-1\" style=\"background-color: rgb(255, 255, 255); background-image: none;\" data-section-ov=\"1\"><div  class=\"gridContainer\">  <div  class=\"row middle-sm\"> <div  class=\"col-xs-12 col-sm-6 image-holder space-bottom-xs\"> <div  data-content-shortcode=\"mesmerize_maps address=&quot;Mackedamm 175 38835 Zilly&quot; zoom=&quot;65&quot;\" data-editable=\"true\" class=\"shadow-medium\">        <div class=\"mesmerize-google-maps\" style=\"width:100%\">\n            <iframe style=\"width:100%; height:100%;min-height:inherit;display:block;\" src=\"https:\/\/maps.google.com\/maps?q=Mackedamm%20175%2038835%20Zilly&#038;z=14&#038;output=embed&#038;iwloc=near\"><\/iframe>\n        <\/div>\n    <\/div><\/div> <div  class=\"col-xs-12 col-sm-6\"><div  class=\"row middle-sm\"> <div  data-type=\"column\" class=\"col-xs-12 space-bottom-small\"><h3  class=\"color1\">Kontakt<\/h3><\/div> <\/div> <div  class=\"row middle-sm\" data-type=\"row\">  <div  class=\"col-xs-12 space-bottom-small\"><div  class=\"row\"> <div  data-type=\"column\" class=\"col-xs-12 col-sm-fit label-col\"><h5  class=\"\">Telefon:<\/h5><\/div> <div  data-type=\"column\" class=\"col-xs-12 col-sm\"><p  class=\"\"><\/p><\/div> <\/div><\/div> <div  class=\"col-xs-12 space-bottom-small\"><div  class=\"row\"> <div  data-type=\"column\" class=\"col-xs-12 col-sm-fit label-col\"><h5  class=\"\">Email:<\/h5><\/div> <div  data-type=\"column\" class=\"col-xs-12 col-sm\"><a  href=\"mailto:Manja@willecke-beratung.de\" class=\"\" target=\"_self\" data-cp-link=\"1\" rel=\"noopener noreferrer\">Manja@willecke-beratung.de<\/a><\/div> <\/div><\/div> <div  class=\"col-xs-12 space-bottom-small\"> <div  class=\"row\"> <div  data-type=\"column\" class=\"col-xs-12 col-sm-fit label-col\"> <h5  class=\"\">Adresse:<\/h5><\/div> <div  data-type=\"column\" class=\"col-xs-12 col-sm\"><p  class=\"\">Mackedamm  Zilly<\/p><\/div> <\/div><\/div><div  class=\"col-xs-12 space-bottom-small\"><div  class=\"row\"> <div  data-type=\"column\" class=\"col-xs-12 col-sm-fit label-col\"><h5  class=\"\">Folgen:<\/h5><\/div> <div  data-type=\"column\" class=\"col-xs-12 col-sm\"><div  data-type=\"group\" class=\"\"> <a  href=\"https:\/\/www.linkedin.com\/in\/manja-willecke-770772158\" target=\"_blank\" class=\"\" rel=\"noopener noreferrer\"><i  class=\"fa icon fa-linkedin-square color1\"><\/i><\/a> <a  href=\"https:\/\/www.willecke-beratung.de\/MWillecke.vcf\" target=\"_self\" class=\"\" rel=\"noopener noreferrer\"><i  class=\"fa icon fa-address-card color1\"><\/i><\/a> <a  href=\"#\" target=\"_self\" data-reiki-hidden=\"true\" rel=\"noopener noreferrer\"><i  class=\"fa icon fa-instagram color1\"><\/i><\/a> <a  href=\"#\" target=\"_self\" data-reiki-hidden=\"true\" rel=\"noopener noreferrer\"><i  class=\"fa icon fa-rss color1\"><\/i><\/a><\/div> <\/div><\/div> <\/div><\/div> <\/div><\/div> <\/div><\/div>","protected":false},"excerpt":{"rendered":"<p>Team- &amp; Einzelcoaching Zielgruppengerechtes Vorgehen auf ihre Bed\u00fcrfnisse abgestimmt Prozessmanagement Gesch\u00e4ftsprozesse verstehen und gezielt nutzen Kommunikation Menschen zusammenbringen und Kommunikation f\u00f6rdern Projektmanagement Jahrelange Erfahrung kombiniert mit aktuellen Methoden und Tools MANJA WILLECKE Das Leben ist ein&nbsp; sowohl als auch. Ich stehe f\u00fcr Wertsch\u00e4tzung auf Augenh\u00f6he und innere Klarheit. Ich begeistere mich f\u00fcr starke Visionen mit&hellip; <br \/> <a class=\"read-more\" href=\"https:\/\/willecke-beratung.de\/\">Read more<\/a><\/p>\n","protected":false},"author":1,"featured_media":0,"parent":0,"menu_order":0,"comment_status":"closed","ping_status":"closed","template":"page-templates\/homepage.php","meta":{"footnotes":""},"class_list":["post-14","page","type-page","status-publish","hentry"],"_links":{"self":[{"href":"https:\/\/willecke-beratung.de\/index.php?rest_route=\/wp\/v2\/pages\/14","targetHints":{"allow":["GET"]}}],"collection":[{"href":"https:\/\/willecke-beratung.de\/index.php?rest_route=\/wp\/v2\/pages"}],"about":[{"href":"https:\/\/willecke-beratung.de\/index.php?rest_route=\/wp\/v2\/types\/page"}],"author":[{"embeddable":true,"href":"https:\/\/willecke-beratung.de\/index.php?rest_route=\/wp\/v2\/users\/1"}],"replies":[{"embeddable":true,"href":"https:\/\/willecke-beratung.de\/index.php?rest_route=%2Fwp%2Fv2%2Fcomments&post=14"}],"version-history":[{"count":11,"href":"https:\/\/willecke-beratung.de\/index.php?rest_route=\/wp\/v2\/pages\/14\/revisions"}],"predecessor-version":[{"id":169,"href":"https:\/\/willecke-beratung.de\/index.php?rest_route=\/wp\/v2\/pages\/14\/revisions\/169"}],"wp:attachment":[{"href":"https:\/\/willecke-beratung.de\/index.php?rest_route=%2Fwp%2Fv2%2Fmedia&parent=14"}],"curies":[{"name":"wp","href":"https:\/\/api.w.org\/{rel}","templated":true}]}}